
What is 53 (base 12) in base 5?
223
What is -435 (base 7) in base 11?
-192
Convert 2611 (base 13) to base 11.
408a
-bb (base 13) to base 9
-181
What is 53104 (base 7) in base 3?
122221201
21331 (base 4) to base 7
1600
Convert -1617 (base 8) to base 10.
-911
Convert -23188 (base 11) to base 8.
-101324
Convert 93a (base 13) to base 8.
3042
5838 (base 12) to base 2
10011001101100
-3f5 (base 16) to base 14
-525
Convert -716 (base 8) to base 7.
-1230
What is -6921 (base 10) in base 8?
-15411
Convert 3973 (base 12) to base 6.
50223
Convert 1002021 (base 3) to base 15.
37a
What is 200103 (base 4) in base 7?
6012
-10a71 (base 12) to base 2
-101011011110101
What is 31220 (base 6) in base 11?
3168
8030 (base 10) to base 7
32261
What is 1495 (base 16) in base 6?
40221
114a (base 11) to base 15
6a6
-14312 (base 7) to base 10
-3929
Convert 13270 (base 9) to base 12.
5239
-10076 (base 10) to base 9
-14735
10000010101 (base 2) to base 16
415
Convert -100 (base 8) to base 11.
-59
Convert -6496 (base 12) to base 10.
-11058
Convert 1d7 (base 15) to base 14.
227
Convert -1a20 (base 13) to base 2.
-111101001001
2143014 (base 5) to base 8
110613
What is 11320 (base 5) in base 2?
1101000011
What is 101001100111 (base 2) in base 14?
d83
ac31 (base 14) to base 5
1423320
Convert -3344 (base 5) to base 13.
-2a6
-279 (base 13) to base 8
-666
What is 54468 (base 10) in base 8?
152304
What is -33218 (base 10) in base 12?
-17282
Convert 10010011011 (base 2) to base 5.
14204
Convert -583 (base 11) to base 4.
-22320
-d62 (base 14) to base 5
-41014
Convert -197f (base 16) to base 8.
-14577
What is 735 (base 10) in base 14?
3a7
What is 2620 (base 7) in base 14?
510
What is -111002200 (base 3) in base 11?
-71a1
What is 1407 (base 10) in base 16?
57f
What is 202134 (base 6) in base 11?
11064
Convert -54 (base 14) to base 8.
-112
What is -102231 (base 4) in base 3?
-1122100
What is 1645 (base 7) in base 2?
1010011110
What is 111100000 (base 2) in base 9?
583
What is -126c (base 15) in base 2?
-111101010111
Convert -15c4 (base 15) to base 10.
-4684
What is 27d (base 14) in base 16?
1f7
67565 (base 9) to base 6
544005
What is 489 (base 10) in base 13?
2b8
7278 (base 12) to base 8
30274
-121130 (base 4) to base 2
-11001011100
-433 (base 6) to base 15
-b0
Convert -10034 (base 10) to base 13.
-474b
2640 (base 7) to base 3
1101100
Convert -42460 (base 7) to base 12.
-6114
What is -a77a (base 11) in base 6?
-145540
Convert -123410 (base 7) to base 6.
-253425
-1101100110 (base 3) to base 8
-65134
Convert -627 (base 14) to base 6.
-5335
Convert -1921 (base 10) to base 16.
-781
-348 (base 11) to base 6
-1531
Convert 8311 (base 9) to base 3.
22100101
-28382 (base 13) to base 9
-124268
Convert -1022210 (base 3) to base 7.
-2550
What is -85b (base 16) in base 13?
-c87
What is -211 (base 12) in base 14?
-177
Convert 11021 (base 4) to base 15.
16e
Convert -a370 (base 12) to base 6.
-214220
3511 (base 8) to base 14
973
1020 (base 6) to base 9
273
Convert -11211202 (base 3) to base 5.
-103110
Convert 12010 (base 5) to base 12.
614
Convert -1012 (base 6) to base 16.
-e0
1134 (base 14) to base 8
5652
What is 2720 (base 10) in base 14?
dc4
ea85 (base 15) to base 13
19784
What is 33524 (base 10) in base 2?
1000001011110100
Convert 50035 (base 6) to base 15.
1dd8
Convert -141013 (base 6) to base 10.
-13185
Convert -40 (base 15) to base 6.
-140
What is -24131 (base 5) in base 6?
-12143
-47172 (base 9) to base 14
-b697
-1bdb (base 14) to base 8
-11745
What is -26233 (base 7) in base 11?
-5278
-5b3 (base 13) to base 2
-1111011111
Convert 7a4 (base 16) to base 3.
2200110
200111011 (base 3) to base 12
7971
-e9 (base 16) to base 15
-108
What is 5561 (base 8) in base 10?
2929
Convert -2010 (base 5) to base 2.
-11111111
1408a (base 13) to base 3
1220101112
Convert -2691 (base 14) to base 3.
-100022112
What is 39a89 (base 11) in base 10?
57209
-310322 (base 4) to base 6
-23402
-8a65 (base 11) to base 5
-340204
-2873 (base 9) to base 10
-2172
Convert -21110021 (base 3) to base 8.
-12472
Convert -200121 (base 5) to base 12.
-377a
-11130233 (base 4) to base 16
-572f
What is -6063 (base 11) in base 4?
-1331313
Convert 121120 (base 3) to base 9.
546
What is 11256 (base 10) in base 7?
44550
Convert 276a (base 15) to base 4.
2003221
What is -1100000000010 (base 2) in base 14?
-2350
What is -2312 (base 7) in base 10?
-842
What is -101111011 (base 3) in base 8?
-16735
What is -211213 (base 6) in base 9?
-25460
Convert -8 (base 16) to base 12.
-8
What is 11554 (base 8) in base 4?
1031230
Convert 30114 (base 5) to base 12.
1131
What is -4044 (base 5) in base 10?
-524
Convert -64135 (base 7) to base 10.
-15853
What is b69 (base 12) in base 14?
86d
-31331 (base 5) to base 11
-1631
What is -1203231 (base 4) in base 7?
-24414
88 (base 15) to base 7
242
16226 (base 7) to base 5
121302
Convert -1219 (base 10) to base 6.
-5351
What is -305 (base 13) in base 16?
-200
4220 (base 5) to base 15
275
What is 1205 (base 11) in base 16?
62a
Convert -25457 (base 8) to base 2.
-10101100101111
Convert -14967 (base 11) to base 10.
-21127
What is 1011000120 (base 3) in base 6?
252410
Convert -1104410 (base 6) to base 15.
-11666
364 (base 12) to base 13
301
Convert -103665 (base 8) to base 9.
-52581
-21112212 (base 3) to base 14
-2012
Convert 304243 (base 5) to base 2.
10011011011100
a63 (base 11) to base 15
5a4
What is -3106 (base 7) in base 15?
-4c4
What is -2340 (base 5) in base 7?
-1002
1518 (base 10) to base 14
7a6
-10101010101000 (base 2) to base 13
-4c80
Convert -11141 (base 11) to base 2.
-11111100001010
What is 10110000 (base 2) in base 5?
1201
Convert -31410 (base 5) to base 3.
-2212222
Convert 527 (base 9) to base 12.
2ba
-180a (base 13) to base 7
-13243
-156304 (base 8) to base 10
-56516
What is 17c (base 16) in base 5?
3010
What is 668b (base 15) in base 2?
101010011100011
Convert 90 (base 12) to base 11.
99
27571 (base 9) to base 14
6b54
What is -453b (base 13) in base 11?
-7303
What is -1402010 (base 6) in base 7?
-443661
Convert 2211 (base 5) to base 6.
1230
Convert -57013 (base 8) to base 4.
-11320023
What is -7542 (base 13) in base 6?
-203210
-1111000001 (base 2) to base 13
-58c
Convert -430 (base 8) to base 16.
-118
-129 (base 10) to base 9
-153
Convert 60016 (base 7) to base 16.
3853
What is 154 (base 6) in base 7?
130
-10128 (base 12) to base 14
-789a
-410 (base 13) to base 6
-3105
Convert -5c (base 15) to base 2.
-1010111
-3a833 (base 11) to base 4
-32031331
What is -201 (base 16) in base 2?
-1000000001
-af17 (base 16) to base 7
-244452
What is 317 (base 8) in base 16?
cf
Convert 3135 (base 9) to base 7.
6464
-8654 (base 14) to base 11
-16483
Convert -255 (base 12) to base 14.
-1b3
-ff9 (base 16) to base 15
-1329
What is 110223 (base 5) in base 3?
12020020
1a6 (base 12) to base 2
100001110
Convert 1108 (base 11) to base 4.
112310
What is 1022 (base 12) in base 7?
5054
Convert -8d88 (base 16) to base 5.
-2124412
Convert -10714 (base 8) to base 9.
-6222
What is 214236 (base 7) in base 5?
2200022
What is -c3 (base 15) in base 11?
-157
What is -13122 (base 7) in base 6?
-24103
What is -114130 (base 5) in base 2?
-1000011000010
What is -2344 (base 6) in base 5?
-4233
Convert 11511 (base 8) to base 13.
232a
-2d1 (base 14) to base 3
-210022
-10211020 (base 3) to base 11
-2104
What is 31104 (base 5) in base 15?
904
Convert 10001222 (base 3) to base 9.
3058
-596 (base 16) to base 12
-9b2
What is -10000101111 (base 2) in base 13?
-645
What is -4152 (base 9) in base 3?
-11011202
What is -47a1 (base 11) in base 15?
-1cdc
402f (base 16) to base 6
204023
Convert 10356 (base 7) to base 2.
101000011101
Convert 4a16 (base 13) to base 12.
60a9
What is c10c (base 14) in base 10?
33136
Convert 1069 (base 11) to base 13.
842
Convert 101220113 (base 4) to base 15.
165e5
Convert 225 (base 6) to base 14.
65
Convert 509d (base 14) to base 12.
802b
What is -24166 (base 8) in base 10?
-10358
What is -15358 (base 10) in base 6?
-155034
Convert 65a (base 12) to base 11.
77a
Convert 513 (base 9) to base 5.
3132
What is -9ca (base 13) in base 11?
-12a4
Convert 77476 (base 8) to base 4.
13330332
-120222022 (base 3) to base 16
-2d7d
-110110010000 (base 2) to base 8
-6620
Convert 26023 (base 7) to base 8.
15335
Convert 6fb (base 16) to base 2.
110